{"id":984,"date":"2021-12-17T15:59:21","date_gmt":"2021-12-17T15:59:21","guid":{"rendered":"http:\/\/cocemfecatalunya.org\/biblioteca\/"},"modified":"2023-05-17T08:31:37","modified_gmt":"2023-05-17T08:31:37","slug":"biblioteca","status":"publish","type":"page","link":"https:\/\/cocemfecatalunya.org\/es\/biblioteca\/","title":{"rendered":"Biblioteca"},"content":{"rendered":"<p>[et_pb_section fb_built=\u00bb1&#8243; admin_label=\u00bbEn construcci\u00f3\u00bb _builder_version=\u00bb4.16&#8243; _module_preset=\u00bbdefault\u00bb background_color=\u00bb#00A59C\u00bb custom_padding=\u00bb0px||0px||true|false\u00bb collapsed=\u00bbon\u00bb global_colors_info=\u00bb{}\u00bb][et_pb_row _builder_version=\u00bb4.16&#8243; _module_preset=\u00bbdefault\u00bb custom_padding=\u00bb20px||10px||false|false\u00bb global_colors_info=\u00bb{}\u00bb][et_pb_column type=\u00bb4_4&#8243; _builder_version=\u00bb4.16&#8243; _module_preset=\u00bbdefault\u00bb global_colors_info=\u00bb{}\u00bb][et_pb_text _builder_version=\u00bb4.16&#8243; _module_preset=\u00bbdefault\u00bb header_2_text_color=\u00bb#FFFFFF\u00bb global_colors_info=\u00bb{}\u00bb]<\/p>\n<h2 style=\"text-align: center;\">P\u00c1GINA EN CONSTRUCCI\u00d3N<\/h2>\n<p>[\/et_pb_text][\/et_pb_column][\/et_pb_row][\/et_pb_section][et_pb_section fb_built=\u00bb1&#8243; _builder_version=\u00bb4.16&#8243; _module_preset=\u00bbdefault\u00bb custom_padding=\u00bb0px||||false|false\u00bb border_width_top=\u00bb10px\u00bb border_color_top=\u00bb#00A59C\u00bb collapsed=\u00bbon\u00bb global_colors_info=\u00bb{}\u00bb][et_pb_row _builder_version=\u00bb4.16&#8243; _module_preset=\u00bbdefault\u00bb collapsed=\u00bboff\u00bb global_colors_info=\u00bb{}\u00bb][et_pb_column type=\u00bb4_4&#8243; _builder_version=\u00bb4.16&#8243; _module_preset=\u00bbdefault\u00bb global_colors_info=\u00bb{}\u00bb][et_pb_text _builder_version=\u00bb4.16&#8243; _module_preset=\u00bbdefault\u00bb header_font=\u00bb|700|||||||\u00bb header_font_size=\u00bb36px\u00bb global_colors_info=\u00bb{}\u00bb]<\/p>\n<h1>Biblioteca<\/h1>\n<p>[\/et_pb_text][\/et_pb_column][\/et_pb_row][et_pb_row column_structure=\u00bb1_2,1_2&#8243; _builder_version=\u00bb4.16&#8243; _module_preset=\u00bbdefault\u00bb global_colors_info=\u00bb{}\u00bb][et_pb_column type=\u00bb1_2&#8243; _builder_version=\u00bb4.16&#8243; _module_preset=\u00bbdefault\u00bb global_colors_info=\u00bb{}\u00bb][et_pb_text _builder_version=\u00bb4.16&#8243; _module_preset=\u00bbdefault\u00bb global_colors_info=\u00bb{}\u00bb]<\/p>\n<div class=\"page\" title=\"Page 2\">\n<div class=\"section\">\n<div class=\"layoutArea\">\n<h3>\u00abEl impacto de la pandemia para las personas con discapacidad. Catalu\u00f1a 2021\u00bb<\/h3>\n<\/div>\n<\/div>\n<div class=\"section\">\n<div class=\"layoutArea\">\n<div class=\"column\">\n<div class=\"page\" title=\"Page 9\">\n<div class=\"section\">\n<div class=\"layoutArea\">\n<div class=\"column\">\n<p>&nbsp;<\/p>\n<p>A cargo de Simple L\u00f2gica y de su responsable Sergio Aza\u00f1edo. Esto ser\u00e1 en formato virtual y por el canal de Youtube de COCEMFE Catalu\u00f1a. Es un acto organizado por COCEMFE Catalu\u00f1a y contaremos tambi\u00e9n con la presencia de Fundaci\u00f3n ONCE, COCEMFE Nacional y Pilar Gomiz.<\/p>\n<p><a href=\"http:\/\/cocemfecatalunya.org\/wp-content\/uploads\/2021\/12\/55121ISAS01-Informe-de-resultados-2.pdf\" rel=\"attachment wp-att-848\">Estudio sobre el impacto COVID en las necesidades de las personas con discapacidad, en la ciudad de Barcelona<\/a><\/p>\n<\/div>\n<\/div>\n<\/div>\n<\/div>\n<\/div>\n<\/div>\n<\/div>\n<\/div>\n<p>[\/et_pb_text][et_pb_video src=\u00bbhttps:\/\/www.youtube.com\/watch?v=nvdqDQiXCV8&#038;t=470s\u00bb _builder_version=\u00bb4.16&#8243; _module_preset=\u00bbdefault\u00bb global_colors_info=\u00bb{}\u00bb][\/et_pb_video][et_pb_code _builder_version=\u00bb4.16&#8243; _module_preset=\u00bbdefault\u00bb global_colors_info=\u00bb{}\u00bb]<iframe width=\"560\" height=\"315\" src=\"https:\/\/www.youtube.com\/embed\/nvdqDQiXCV8\" title=\"YouTube video player\" frameborder=\"0\" allow=\"accelerometer; autoplay; clipboard-write; encrypted-media; gyroscope; picture-in-picture\" allowfullscreen=\"\"><\/iframe>[\/et_pb_code][\/et_pb_column][et_pb_column type=\u00bb1_2&#8243; _builder_version=\u00bb4.16&#8243; _module_preset=\u00bbdefault\u00bb custom_padding=\u00bb|||3%|false|false\u00bb global_colors_info=\u00bb{}\u00bb][et_pb_text _builder_version=\u00bb4.16&#8243; _module_preset=\u00bbdefault\u00bb global_colors_info=\u00bb{}\u00bb]<\/p>\n<div class=\"page\" title=\"Page 2\">\n<div class=\"section\">\n<div class=\"layoutArea\">\n<h3 class=\"column\">Jornada \u00abDise\u00f1ando Salud\u00bb Intervenci\u00f3n para la creaci\u00f3n de h\u00e1bitos saludables en el colectivo de personas con discapacidad.<\/h3>\n<\/div>\n<\/div>\n<div class=\"section\">\n<div class=\"layoutArea\">\n<div class=\"column\">\n<div class=\"page\" title=\"Page 9\">\n<div class=\"section\">\n<div class=\"layoutArea\">\n<div class=\"column\">\n<div class=\"page\" title=\"Page 9\">\n<div class=\"section\">\n<div class=\"layoutArea\">\n<div class=\"column\">\n<p>&nbsp;<\/p>\n<p>Breve resumen de la Jornada:<\/p>\n<\/div>\n<\/div>\n<div class=\"layoutArea\">\n<div class=\"column\">\n<p>Las personas con discapacidad han visto alterado su modo de vida durante la pandemia.<\/p>\n<\/div>\n<\/div>\n<div class=\"layoutArea\">\n<div class=\"column\">\n<p>En muchas ocasiones esto ha afectado a h\u00e1bitos de cuidado en \u00e1mbitos tan importantes como la realizaci\u00f3n de ejercicio, mantener unos h\u00e1bitos de alimentaci\u00f3n saludable y en definitiva en h\u00e1bitos que nos mantienen sanos.<\/p>\n<\/div>\n<\/div>\n<div class=\"layoutArea\">\n<div class=\"column\">\n<p>La adquisici\u00f3n de h\u00e1bitos saludables es algo que todos estamos de acuerdo en que es importante en cualquier situaci\u00f3n y para cualquier colectivo. Pero adquirir o mantener un h\u00e1bito saludable, no depende tanto de la \u201cfuerza de voluntad\u201d, como de disponer de herramientas y conocimientos para conseguir \u201cautomatizar\u201d aquellos comportamientos que nos permiten mantener un estilo de vida saludable.<\/p>\n<\/div>\n<\/div>\n<\/div>\n<\/div>\n<\/div>\n<\/div>\n<\/div>\n<\/div>\n<\/div>\n<\/div>\n<\/div>\n<\/div>\n<p>[\/et_pb_text][et_pb_video src=\u00bbhttps:\/\/youtu.be\/mcN668EMzTg\u00bb _builder_version=\u00bb4.16&#8243; _module_preset=\u00bbdefault\u00bb global_colors_info=\u00bb{}\u00bb][\/et_pb_video][\/et_pb_column][\/et_pb_row][et_pb_row column_structure=\u00bb1_2,1_2&#8243; _builder_version=\u00bb4.16&#8243; _module_preset=\u00bbdefault\u00bb global_colors_info=\u00bb{}\u00bb][et_pb_column type=\u00bb1_2&#8243; _builder_version=\u00bb4.16&#8243; _module_preset=\u00bbdefault\u00bb global_colors_info=\u00bb{}\u00bb][et_pb_text _builder_version=\u00bb4.16&#8243; _module_preset=\u00bbdefault\u00bb global_colors_info=\u00bb{}\u00bb]<\/p>\n<div class=\"page\" title=\"Page 2\">\n<div class=\"section\">\n<div class=\"layoutArea\">\n<div class=\"column\">\n<div class=\"page\" title=\"Page 9\">\n<div class=\"layoutArea\">\n<div class=\"column\">\n<h3>Ciclo de talleres pr\u00e1cticos para desarrollar proyectos de intervenci\u00f3n social de COCEMFE Catalu\u00f1a.<\/h3>\n<\/div>\n<\/div>\n<div class=\"layoutArea\">\n<div class=\"column\">\n<p>&nbsp;<\/p>\n<p><strong>Sesi\u00f3n 1<\/strong>: \u00abC\u00f3mo redactar un proyecto o subvenci\u00f3n. Caso pr\u00e1ctico convocatoria IRPF\u00bb<\/p>\n<\/div>\n<\/div>\n<\/div>\n<\/div>\n<\/div>\n<\/div>\n<\/div>\n<p>[\/et_pb_text][et_pb_video src=\u00bbhttps:\/\/www.youtube.com\/watch?v=0JTeFSFiG-U&#038;t=26s\u00bb _builder_version=\u00bb4.16&#8243; _module_preset=\u00bbdefault\u00bb global_colors_info=\u00bb{}\u00bb][\/et_pb_video][\/et_pb_column][et_pb_column type=\u00bb1_2&#8243; _builder_version=\u00bb4.16&#8243; _module_preset=\u00bbdefault\u00bb custom_padding=\u00bb|||3%|false|false\u00bb global_colors_info=\u00bb{}\u00bb][et_pb_text _builder_version=\u00bb4.16&#8243; _module_preset=\u00bbdefault\u00bb global_colors_info=\u00bb{}\u00bb]<\/p>\n<div class=\"page\" title=\"Page 2\">\n<div class=\"section\">\n<div class=\"layoutArea\">\n<h3 class=\"column\">Ciclo de talleres pr\u00e1cticos para desarrollar proyectos de intervenci\u00f3n social de COCEMFE Catalu\u00f1a.<\/h3>\n<div> <\/div>\n<div><strong>Sesi\u00f3n 2<\/strong>: \u00abC\u00f3mo realizar un presupuesto\u00bb<\/div>\n<\/div>\n<\/div>\n<\/div>\n<p>[\/et_pb_text][et_pb_video src=\u00bbhttps:\/\/www.youtube.com\/watch?v=_pycjAoI-KU\u00bb _builder_version=\u00bb4.16&#8243; _module_preset=\u00bbdefault\u00bb global_colors_info=\u00bb{}\u00bb][\/et_pb_video][\/et_pb_column][\/et_pb_row][et_pb_row column_structure=\u00bb1_2,1_2&#8243; _builder_version=\u00bb4.16&#8243; _module_preset=\u00bbdefault\u00bb global_colors_info=\u00bb{}\u00bb][et_pb_column type=\u00bb1_2&#8243; _builder_version=\u00bb4.16&#8243; _module_preset=\u00bbdefault\u00bb global_colors_info=\u00bb{}\u00bb][et_pb_text _builder_version=\u00bb4.16&#8243; _module_preset=\u00bbdefault\u00bb global_colors_info=\u00bb{}\u00bb]<\/p>\n<div class=\"page\" title=\"Page 10\">\n<div class=\"section\">\n<div class=\"layoutArea\">\n<div class=\"column\">\n<div class=\"page\" title=\"Page 10\">\n<div class=\"section\">\n<div class=\"layoutArea\">\n<div class=\"column\">\n<h3>Para luchar contra la violencia machista es necesario hacer frente desde todos los \u00e1mbitos y con la colaboraci\u00f3n de todos.<\/h3>\n<p>Rompe el ciclo!<\/p>\n<\/div>\n<\/div>\n<\/div>\n<\/div>\n<ul>\n<li>Atenci\u00f3n telef\u00f3nica: 016<\/li>\n<\/ul>\n<\/div>\n<\/div>\n<div class=\"layoutArea\">\n<div class=\"column\">\n<ul>\n<li>Atenci\u00f3n por WhatsApp: 600 000 016<\/li>\n<\/ul>\n<\/div>\n<\/div>\n<div class=\"layoutArea\">\n<div class=\"column\">\n<ul>\n<li>Atenci\u00f3n Online: 016-online@igualdad.gob.es<\/li>\n<\/ul>\n<\/div>\n<\/div>\n<div class=\"layoutArea\">\n<div class=\"column\">\n<ul>\n<li>Accesible 24 h los 365 d\u00edas<\/li>\n<\/ul>\n<\/div>\n<\/div>\n<\/div>\n<\/div>\n<p>[\/et_pb_text][et_pb_video src=\u00bbhttps:\/\/youtu.be\/vyeD-8nsU7w\u00bb _builder_version=\u00bb4.16&#8243; _module_preset=\u00bbdefault\u00bb global_colors_info=\u00bb{}\u00bb][\/et_pb_video][\/et_pb_column][et_pb_column type=\u00bb1_2&#8243; _builder_version=\u00bb4.16&#8243; _module_preset=\u00bbdefault\u00bb custom_padding=\u00bb|||3%|false|false\u00bb global_colors_info=\u00bb{}\u00bb][et_pb_text _builder_version=\u00bb4.16&#8243; _module_preset=\u00bbdefault\u00bb global_colors_info=\u00bb{}\u00bb]<\/p>\n<div class=\"page\" title=\"Page 2\">\n<div class=\"section\">\n<div class=\"layoutArea\">\n<h3 class=\"column\">Gu\u00eda pr\u00e1ctica para pacientes de Lupus<\/h3>\n<\/div>\n<\/div>\n<\/div>\n<p>[\/et_pb_text][et_pb_image src=\u00bbhttp:\/\/cocemfecatalunya.org\/wp-content\/uploads\/2021\/12\/GUIA-LUPUS.jpg\u00bb title_text=\u00bbGU\u00cdA LUPUS\u00bb url=\u00bb@ET-DC@eyJkeW5hbWljIjp0cnVlLCJjb250ZW50IjoicG9zdF9saW5rX3VybF9hdHRhY2htZW50Iiwic2V0dGluZ3MiOnsicG9zdF9pZCI6IjgwNCJ9fQ==@\u00bb _builder_version=\u00bb4.16&#8243; _dynamic_attributes=\u00bburl\u00bb _module_preset=\u00bbdefault\u00bb box_shadow_style=\u00bbpreset2&#8243; global_colors_info=\u00bb{}\u00bb][\/et_pb_image][\/et_pb_column][\/et_pb_row][\/et_pb_section]<\/p>\n","protected":false},"excerpt":{"rendered":"<p>P\u00c1GINA EN CONSTRUCCI\u00d3NBiblioteca \u00abEl impacto de la pandemia para las personas con discapacidad. Catalu\u00f1a 2021\u00bb &nbsp; A cargo de Simple L\u00f2gica y de su responsable Sergio Aza\u00f1edo. Esto ser\u00e1 en formato virtual y por el canal de Youtube de COCEMFE Catalu\u00f1a. Es un acto organizado por COCEMFE Catalu\u00f1a y contaremos tambi\u00e9n con la presencia de [&hellip;]<\/p>\n","protected":false},"author":1,"featured_media":0,"parent":0,"menu_order":0,"comment_status":"closed","ping_status":"closed","template":"","meta":{"_acf_changed":false,"_et_pb_use_builder":"on","_et_pb_old_content":"","_et_gb_content_width":"","footnotes":""},"class_list":["post-984","page","type-page","status-publish","hentry"],"acf":[],"_links":{"self":[{"href":"https:\/\/cocemfecatalunya.org\/es\/wp-json\/wp\/v2\/pages\/984","targetHints":{"allow":["GET"]}}],"collection":[{"href":"https:\/\/cocemfecatalunya.org\/es\/wp-json\/wp\/v2\/pages"}],"about":[{"href":"https:\/\/cocemfecatalunya.org\/es\/wp-json\/wp\/v2\/types\/page"}],"author":[{"embeddable":true,"href":"https:\/\/cocemfecatalunya.org\/es\/wp-json\/wp\/v2\/users\/1"}],"replies":[{"embeddable":true,"href":"https:\/\/cocemfecatalunya.org\/es\/wp-json\/wp\/v2\/comments?post=984"}],"version-history":[{"count":12,"href":"https:\/\/cocemfecatalunya.org\/es\/wp-json\/wp\/v2\/pages\/984\/revisions"}],"predecessor-version":[{"id":3668,"href":"https:\/\/cocemfecatalunya.org\/es\/wp-json\/wp\/v2\/pages\/984\/revisions\/3668"}],"wp:attachment":[{"href":"https:\/\/cocemfecatalunya.org\/es\/wp-json\/wp\/v2\/media?parent=984"}],"curies":[{"name":"wp","href":"https:\/\/api.w.org\/{rel}","templated":true}]}}

<p>[et_pb_section fb_built=»1&#8243; admin_label=»En construcció» _builder_version=»4.16&#8243; _module_preset=»default» background_color=»#00A59C» custom_padding=»0px||0px||true|false» collapsed=»on» global_colors_info=»{}»][et_pb_row _builder_version=»4.16&#8243; _module_preset=»default» custom_padding=»20px||10px||false|false» global_colors_info=»{}»][et_pb_column type=»4_4&#8243; _builder_version=»4.16&#8243; _module_preset=»default» global_colors_info=»{}»][et_pb_text _builder_version=»4.16&#8243; _module_preset=»default» header_2_text_color=»#FFFFFF» global_colors_info=»{}»]</p>
<h2 style="text-align: center;">PÁGINA EN CONSTRUCCIÓN</h2>
<p>[/et_pb_text][/et_pb_column][/et_pb_row][/et_pb_section][et_pb_section fb_built=»1&#8243; _builder_version=»4.16&#8243; _module_preset=»default» custom_padding=»0px||||false|false» border_width_top=»10px» border_color_top=»#00A59C» collapsed=»on» global_colors_info=»{}»][et_pb_row _builder_version=»4.16&#8243; _module_preset=»default» collapsed=»off» global_colors_info=»{}»][et_pb_column type=»4_4&#8243; _builder_version=»4.16&#8243; _module_preset=»default» global_colors_info=»{}»][et_pb_text _builder_version=»4.16&#8243; _module_preset=»default» header_font=»|700|||||||» header_font_size=»36px» global_colors_info=»{}»]</p>
<h1>Biblioteca</h1>
<p>[/et_pb_text][/et_pb_column][/et_pb_row][et_pb_row column_structure=»1_2,1_2&#8243; _builder_version=»4.16&#8243; _module_preset=»default» global_colors_info=»{}»][et_pb_column type=»1_2&#8243; _builder_version=»4.16&#8243; _module_preset=»default» global_colors_info=»{}»][et_pb_text _builder_version=»4.16&#8243; _module_preset=»default» global_colors_info=»{}»]</p>
<div class="page" title="Page 2">
<div class="section">
<div class="layoutArea">
<h3>«El impacto de la pandemia para las personas con discapacidad. Cataluña 2021»</h3>
</div>
</div>
<div class="section">
<div class="layoutArea">
<div class="column">
<div class="page" title="Page 9">
<div class="section">
<div class="layoutArea">
<div class="column">
<p>&nbsp;</p>
<p>A cargo de Simple Lògica y de su responsable Sergio Azañedo. Esto será en formato virtual y por el canal de Youtube de COCEMFE Cataluña. Es un acto organizado por COCEMFE Cataluña y contaremos también con la presencia de Fundación ONCE, COCEMFE Nacional y Pilar Gomiz.</p>
<p><a href="http://cocemfecatalunya.org/wp-content/uploads/2021/12/55121ISAS01-Informe-de-resultados-2.pdf" rel="attachment wp-att-848">Estudio sobre el impacto COVID en las necesidades de las personas con discapacidad, en la ciudad de Barcelona</a></p>
</div>
</div>
</div>
</div>
</div>
</div>
</div>
</div>
<p>[/et_pb_text][et_pb_video src=»https://www.youtube.com/watch?v=nvdqDQiXCV8&#038;t=470s» _builder_version=»4.16&#8243; _module_preset=»default» global_colors_info=»{}»][/et_pb_video][et_pb_code _builder_version=»4.16&#8243; _module_preset=»default» global_colors_info=»{}»]<iframe width="560" height="315" src="https://www.youtube.com/embed/nvdqDQiXCV8" title="YouTube video player" frameborder="0" allow="accelerometer; autoplay; clipboard-write; encrypted-media; gyroscope; picture-in-picture" allowfullscreen=""></iframe>[/et_pb_code][/et_pb_column][et_pb_column type=»1_2&#8243; _builder_version=»4.16&#8243; _module_preset=»default» custom_padding=»|||3%|false|false» global_colors_info=»{}»][et_pb_text _builder_version=»4.16&#8243; _module_preset=»default» global_colors_info=»{}»]</p>
<div class="page" title="Page 2">
<div class="section">
<div class="layoutArea">
<h3 class="column">Jornada «Diseñando Salud» Intervención para la creación de hábitos saludables en el colectivo de personas con discapacidad.</h3>
</div>
</div>
<div class="section">
<div class="layoutArea">
<div class="column">
<div class="page" title="Page 9">
<div class="section">
<div class="layoutArea">
<div class="column">
<div class="page" title="Page 9">
<div class="section">
<div class="layoutArea">
<div class="column">
<p>&nbsp;</p>
<p>Breve resumen de la Jornada:</p>
</div>
</div>
<div class="layoutArea">
<div class="column">
<p>Las personas con discapacidad han visto alterado su modo de vida durante la pandemia.</p>
</div>
</div>
<div class="layoutArea">
<div class="column">
<p>En muchas ocasiones esto ha afectado a hábitos de cuidado en ámbitos tan importantes como la realización de ejercicio, mantener unos hábitos de alimentación saludable y en definitiva en hábitos que nos mantienen sanos.</p>
</div>
</div>
<div class="layoutArea">
<div class="column">
<p>La adquisición de hábitos saludables es algo que todos estamos de acuerdo en que es importante en cualquier situación y para cualquier colectivo. Pero adquirir o mantener un hábito saludable, no depende tanto de la “fuerza de voluntad”, como de disponer de herramientas y conocimientos para conseguir “automatizar” aquellos comportamientos que nos permiten mantener un estilo de vida saludable.</p>
</div>
</div>
</div>
</div>
</div>
</div>
</div>
</div>
</div>
</div>
</div>
</div>
<p>[/et_pb_text][et_pb_video src=»https://youtu.be/mcN668EMzTg» _builder_version=»4.16&#8243; _module_preset=»default» global_colors_info=»{}»][/et_pb_video][/et_pb_column][/et_pb_row][et_pb_row column_structure=»1_2,1_2&#8243; _builder_version=»4.16&#8243; _module_preset=»default» global_colors_info=»{}»][et_pb_column type=»1_2&#8243; _builder_version=»4.16&#8243; _module_preset=»default» global_colors_info=»{}»][et_pb_text _builder_version=»4.16&#8243; _module_preset=»default» global_colors_info=»{}»]</p>
<div class="page" title="Page 2">
<div class="section">
<div class="layoutArea">
<div class="column">
<div class="page" title="Page 9">
<div class="layoutArea">
<div class="column">
<h3>Ciclo de talleres prácticos para desarrollar proyectos de intervención social de COCEMFE Cataluña.</h3>
</div>
</div>
<div class="layoutArea">
<div class="column">
<p>&nbsp;</p>
<p><strong>Sesión 1</strong>: «Cómo redactar un proyecto o subvención. Caso práctico convocatoria IRPF»</p>
</div>
</div>
</div>
</div>
</div>
</div>
</div>
<p>[/et_pb_text][et_pb_video src=»https://www.youtube.com/watch?v=0JTeFSFiG-U&#038;t=26s» _builder_version=»4.16&#8243; _module_preset=»default» global_colors_info=»{}»][/et_pb_video][/et_pb_column][et_pb_column type=»1_2&#8243; _builder_version=»4.16&#8243; _module_preset=»default» custom_padding=»|||3%|false|false» global_colors_info=»{}»][et_pb_text _builder_version=»4.16&#8243; _module_preset=»default» global_colors_info=»{}»]</p>
<div class="page" title="Page 2">
<div class="section">
<div class="layoutArea">
<h3 class="column">Ciclo de talleres prácticos para desarrollar proyectos de intervención social de COCEMFE Cataluña.</h3>
<div> </div>
<div><strong>Sesión 2</strong>: «Cómo realizar un presupuesto»</div>
</div>
</div>
</div>
<p>[/et_pb_text][et_pb_video src=»https://www.youtube.com/watch?v=_pycjAoI-KU» _builder_version=»4.16&#8243; _module_preset=»default» global_colors_info=»{}»][/et_pb_video][/et_pb_column][/et_pb_row][et_pb_row column_structure=»1_2,1_2&#8243; _builder_version=»4.16&#8243; _module_preset=»default» global_colors_info=»{}»][et_pb_column type=»1_2&#8243; _builder_version=»4.16&#8243; _module_preset=»default» global_colors_info=»{}»][et_pb_text _builder_version=»4.16&#8243; _module_preset=»default» global_colors_info=»{}»]</p>
<div class="page" title="Page 10">
<div class="section">
<div class="layoutArea">
<div class="column">
<div class="page" title="Page 10">
<div class="section">
<div class="layoutArea">
<div class="column">
<h3>Para luchar contra la violencia machista es necesario hacer frente desde todos los ámbitos y con la colaboración de todos.</h3>
<p>Rompe el ciclo!</p>
</div>
</div>
</div>
</div>
<ul>
<li>Atención telefónica: 016</li>
</ul>
</div>
</div>
<div class="layoutArea">
<div class="column">
<ul>
<li>Atención por WhatsApp: 600 000 016</li>
</ul>
</div>
</div>
<div class="layoutArea">
<div class="column">
<ul>
<li>Atención Online: 016-online@igualdad.gob.es</li>
</ul>
</div>
</div>
<div class="layoutArea">
<div class="column">
<ul>
<li>Accesible 24 h los 365 días</li>
</ul>
</div>
</div>
</div>
</div>
<p>[/et_pb_text][et_pb_video src=»https://youtu.be/vyeD-8nsU7w» _builder_version=»4.16&#8243; _module_preset=»default» global_colors_info=»{}»][/et_pb_video][/et_pb_column][et_pb_column type=»1_2&#8243; _builder_version=»4.16&#8243; _module_preset=»default» custom_padding=»|||3%|false|false» global_colors_info=»{}»][et_pb_text _builder_version=»4.16&#8243; _module_preset=»default» global_colors_info=»{}»]</p>
<div class="page" title="Page 2">
<div class="section">
<div class="layoutArea">
<h3 class="column">Guía práctica para pacientes de Lupus</h3>
</div>
</div>
</div>
<p>[/et_pb_text][et_pb_image src=»http://cocemfecatalunya.org/wp-content/uploads/2021/12/GUIA-LUPUS.jpg» title_text=»GUÍA LUPUS» url=»@ET-DC@eyJkeW5hbWljIjp0cnVlLCJjb250ZW50IjoicG9zdF9saW5rX3VybF9hdHRhY2htZW50Iiwic2V0dGluZ3MiOnsicG9zdF9pZCI6IjgwNCJ9fQ==@» _builder_version=»4.16&#8243; _dynamic_attributes=»url» _module_preset=»default» box_shadow_style=»preset2&#8243; global_colors_info=»{}»][/et_pb_image][/et_pb_column][/et_pb_row][/et_pb_section]</p>

<p>PÁGINA EN CONSTRUCCIÓNBiblioteca «El impacto de la pandemia para las personas con discapacidad. Cataluña 2021» &nbsp; A cargo de Simple Lògica y de su responsable Sergio Azañedo. Esto será en formato virtual y por el canal de Youtube de COCEMFE Cataluña. Es un acto organizado por COCEMFE Cataluña y contaremos también con la presencia de [&hellip;]</p>
