{"id":3604,"date":"2023-05-16T14:36:00","date_gmt":"2023-05-16T14:36:00","guid":{"rendered":"http:\/\/cocemfecatalunya.org\/voluntariado-2\/"},"modified":"2023-05-16T14:36:23","modified_gmt":"2023-05-16T14:36:23","slug":"voluntariado-2","status":"publish","type":"page","link":"https:\/\/cocemfecatalunya.org\/es\/voluntariado-2\/","title":{"rendered":"VOLUNTARIADO"},"content":{"rendered":"<p>[et_pb_section fb_built=\u00bb1&#8243; _builder_version=\u00bb4.17.4&#8243; _module_preset=\u00bbdefault\u00bb custom_padding=\u00bb||0px|||\u00bb global_colors_info=\u00bb{}\u00bb][et_pb_row _builder_version=\u00bb4.17.4&#8243; _module_preset=\u00bbdefault\u00bb locked=\u00bboff\u00bb global_colors_info=\u00bb{}\u00bb][et_pb_column type=\u00bb4_4&#8243; _builder_version=\u00bb4.17.4&#8243; _module_preset=\u00bbdefault\u00bb global_colors_info=\u00bb{}\u00bb][et_pb_text _builder_version=\u00bb4.17.4&#8243; _module_preset=\u00bbdefault\u00bb text_font=\u00bbLibre Franklin||||||||\u00bb header_font=\u00bbLibre Franklin||||||||\u00bb header_text_color=\u00bb#637a9e\u00bb header_font_size=\u00bb50px\u00bb header_letter_spacing=\u00bb0.05px\u00bb custom_css_heading_h1=\u00bbfont-weight: 700;||text-transform: uppercase;\u00bb global_colors_info=\u00bb{}\u00bb]<\/p>\n<h1><strong>VOLUNTARIADO<\/strong><\/h1>\n<p>[\/et_pb_text][\/et_pb_column][\/et_pb_row][et_pb_row _builder_version=\u00bb4.17.4&#8243; _module_preset=\u00bbdefault\u00bb custom_margin=\u00bb0px||0px||true|false\u00bb custom_padding=\u00bb0px||0px||true|false\u00bb global_colors_info=\u00bb{}\u00bb][et_pb_column type=\u00bb4_4&#8243; _builder_version=\u00bb4.17.4&#8243; _module_preset=\u00bbdefault\u00bb global_colors_info=\u00bb{}\u00bb][et_pb_ds_breadcrumbs admin_label=\u00bball-pages-breadcrumb\u00bb module_id=\u00bball-pages-breadcrumb\u00bb _builder_version=\u00bb4.17.4&#8243; _module_preset=\u00bbdefault\u00bb global_colors_info=\u00bb{}\u00bb][\/et_pb_ds_breadcrumbs][\/et_pb_column][\/et_pb_row][\/et_pb_section][et_pb_section fb_built=\u00bb1&#8243; _builder_version=\u00bb4.17.4&#8243; _module_preset=\u00bbdefault\u00bb custom_padding=\u00bb0px|||||\u00bb global_colors_info=\u00bb{}\u00bb][et_pb_row _builder_version=\u00bb4.17.4&#8243; _module_preset=\u00bbdefault\u00bb global_colors_info=\u00bb{}\u00bb][et_pb_column type=\u00bb4_4&#8243; _builder_version=\u00bb4.17.4&#8243; _module_preset=\u00bbdefault\u00bb global_colors_info=\u00bb{}\u00bb][et_pb_text _builder_version=\u00bb4.17.4&#8243; _module_preset=\u00bbdefault\u00bb text_font=\u00bbOpen Sans||||||||\u00bb text_font_size=\u00bb16px\u00bb global_colors_info=\u00bb{}\u00bb]<\/p>\n<p>\u00bfQuieres contribuir a la mejora de la calidad de vida de las personas con discapacidad f\u00edsica y org\u00e1nica? \u00bfTe has planteado hacer un voluntariado? Tu colaboraci\u00f3n aporta valor y refuerza nuestro movimiento asociativo, haci\u00e9ndote part\u00edcipe de la transformaci\u00f3n social de la realidad de las personas con discapacidad f\u00edsica y org\u00e1nica.<\/p>\n<p>Te invitamos a conocer la oferta de voluntariado disponible, tanto en COCEMFE Catalu\u00f1a como en su movimiento asociativo. Ponte en contacto con nosotros envi\u00e1ndonos un mail a <span><a href=\"mailto:coordinacio@cocemfecatalunya.org\">coordinacio@cocemfecatalunya.org<\/a><\/span> o llamando al 665164516.<\/p>\n<p>[\/et_pb_text][\/et_pb_column][\/et_pb_row][\/et_pb_section]<\/p>\n","protected":false},"excerpt":{"rendered":"<p>VOLUNTARIADO\u00bfQuieres contribuir a la mejora de la calidad de vida de las personas con discapacidad f\u00edsica y org\u00e1nica? \u00bfTe has planteado hacer un voluntariado? Tu colaboraci\u00f3n aporta valor y refuerza nuestro movimiento asociativo, haci\u00e9ndote part\u00edcipe de la transformaci\u00f3n social de la realidad de las personas con discapacidad f\u00edsica y org\u00e1nica. Te invitamos a conocer la [&hellip;]<\/p>\n","protected":false},"author":1,"featured_media":0,"parent":0,"menu_order":0,"comment_status":"closed","ping_status":"closed","template":"","meta":{"_acf_changed":false,"_et_pb_use_builder":"on","_et_pb_old_content":"","_et_gb_content_width":"","footnotes":""},"class_list":["post-3604","page","type-page","status-publish","hentry"],"acf":[],"_links":{"self":[{"href":"https:\/\/cocemfecatalunya.org\/es\/wp-json\/wp\/v2\/pages\/3604","targetHints":{"allow":["GET"]}}],"collection":[{"href":"https:\/\/cocemfecatalunya.org\/es\/wp-json\/wp\/v2\/pages"}],"about":[{"href":"https:\/\/cocemfecatalunya.org\/es\/wp-json\/wp\/v2\/types\/page"}],"author":[{"embeddable":true,"href":"https:\/\/cocemfecatalunya.org\/es\/wp-json\/wp\/v2\/users\/1"}],"replies":[{"embeddable":true,"href":"https:\/\/cocemfecatalunya.org\/es\/wp-json\/wp\/v2\/comments?post=3604"}],"version-history":[{"count":8,"href":"https:\/\/cocemfecatalunya.org\/es\/wp-json\/wp\/v2\/pages\/3604\/revisions"}],"predecessor-version":[{"id":3612,"href":"https:\/\/cocemfecatalunya.org\/es\/wp-json\/wp\/v2\/pages\/3604\/revisions\/3612"}],"wp:attachment":[{"href":"https:\/\/cocemfecatalunya.org\/es\/wp-json\/wp\/v2\/media?parent=3604"}],"curies":[{"name":"wp","href":"https:\/\/api.w.org\/{rel}","templated":true}]}}

<p>[et_pb_section fb_built=»1&#8243; _builder_version=»4.17.4&#8243; _module_preset=»default» custom_padding=»||0px|||» global_colors_info=»{}»][et_pb_row _builder_version=»4.17.4&#8243; _module_preset=»default» locked=»off» global_colors_info=»{}»][et_pb_column type=»4_4&#8243; _builder_version=»4.17.4&#8243; _module_preset=»default» global_colors_info=»{}»][et_pb_text _builder_version=»4.17.4&#8243; _module_preset=»default» text_font=»Libre Franklin||||||||» header_font=»Libre Franklin||||||||» header_text_color=»#637a9e» header_font_size=»50px» header_letter_spacing=»0.05px» custom_css_heading_h1=»font-weight: 700;||text-transform: uppercase;» global_colors_info=»{}»]</p>
<h1><strong>VOLUNTARIADO</strong></h1>
<p>[/et_pb_text][/et_pb_column][/et_pb_row][et_pb_row _builder_version=»4.17.4&#8243; _module_preset=»default» custom_margin=»0px||0px||true|false» custom_padding=»0px||0px||true|false» global_colors_info=»{}»][et_pb_column type=»4_4&#8243; _builder_version=»4.17.4&#8243; _module_preset=»default» global_colors_info=»{}»][et_pb_ds_breadcrumbs admin_label=»all-pages-breadcrumb» module_id=»all-pages-breadcrumb» _builder_version=»4.17.4&#8243; _module_preset=»default» global_colors_info=»{}»][/et_pb_ds_breadcrumbs][/et_pb_column][/et_pb_row][/et_pb_section][et_pb_section fb_built=»1&#8243; _builder_version=»4.17.4&#8243; _module_preset=»default» custom_padding=»0px|||||» global_colors_info=»{}»][et_pb_row _builder_version=»4.17.4&#8243; _module_preset=»default» global_colors_info=»{}»][et_pb_column type=»4_4&#8243; _builder_version=»4.17.4&#8243; _module_preset=»default» global_colors_info=»{}»][et_pb_text _builder_version=»4.17.4&#8243; _module_preset=»default» text_font=»Open Sans||||||||» text_font_size=»16px» global_colors_info=»{}»]</p>
<p>¿Quieres contribuir a la mejora de la calidad de vida de las personas con discapacidad física y orgánica? ¿Te has planteado hacer un voluntariado? Tu colaboración aporta valor y refuerza nuestro movimiento asociativo, haciéndote partícipe de la transformación social de la realidad de las personas con discapacidad física y orgánica.</p>
<p>Te invitamos a conocer la oferta de voluntariado disponible, tanto en COCEMFE Cataluña como en su movimiento asociativo. Ponte en contacto con nosotros enviándonos un mail a <span><a href="mailto:coordinacio@cocemfecatalunya.org">coordinacio@cocemfecatalunya.org</a></span> o llamando al 665164516.</p>
<p>[/et_pb_text][/et_pb_column][/et_pb_row][/et_pb_section]</p>

<p>VOLUNTARIADO¿Quieres contribuir a la mejora de la calidad de vida de las personas con discapacidad física y orgánica? ¿Te has planteado hacer un voluntariado? Tu colaboración aporta valor y refuerza nuestro movimiento asociativo, haciéndote partícipe de la transformación social de la realidad de las personas con discapacidad física y orgánica. Te invitamos a conocer la [&hellip;]</p>
