{"id":3536,"date":"2023-05-16T13:43:40","date_gmt":"2023-05-16T13:43:40","guid":{"rendered":"http:\/\/cocemfecatalunya.org\/fortalecimiento-del-tejido-asociativo\/"},"modified":"2023-05-16T13:43:46","modified_gmt":"2023-05-16T13:43:46","slug":"fortalecimiento-del-tejido-asociativo","status":"publish","type":"page","link":"https:\/\/cocemfecatalunya.org\/es\/fortalecimiento-del-tejido-asociativo\/","title":{"rendered":"Fortalecimiento del tejido asociativo"},"content":{"rendered":"<p>[et_pb_section fb_built=\u00bb1&#8243; _builder_version=\u00bb4.17.4&#8243; _module_preset=\u00bbdefault\u00bb custom_padding=\u00bb||0px|||\u00bb global_colors_info=\u00bb{}\u00bb][et_pb_row _builder_version=\u00bb4.17.4&#8243; _module_preset=\u00bbdefault\u00bb locked=\u00bboff\u00bb global_colors_info=\u00bb{}\u00bb][et_pb_column type=\u00bb4_4&#8243; _builder_version=\u00bb4.17.4&#8243; _module_preset=\u00bbdefault\u00bb global_colors_info=\u00bb{}\u00bb][et_pb_text _builder_version=\u00bb4.17.4&#8243; _module_preset=\u00bbdefault\u00bb text_font=\u00bbLibre Franklin||||||||\u00bb header_font=\u00bbLibre Franklin||||||||\u00bb header_text_color=\u00bb#637a9e\u00bb header_font_size=\u00bb50px\u00bb header_letter_spacing=\u00bb0.05px\u00bb hover_enabled=\u00bb0&#8243; custom_css_heading_h1=\u00bbfont-weight: 700;||text-transform: uppercase;\u00bb global_colors_info=\u00bb{}\u00bb sticky_enabled=\u00bb0&#8243;]<\/p>\n<h1><strong>FORTALECIMIENTO DEL TEJIDO ASOCIATIVO<\/strong><\/h1>\n<p>[\/et_pb_text][\/et_pb_column][\/et_pb_row][et_pb_row _builder_version=\u00bb4.17.4&#8243; _module_preset=\u00bbdefault\u00bb custom_margin=\u00bb0px||0px||true|false\u00bb custom_padding=\u00bb0px||0px||true|false\u00bb global_colors_info=\u00bb{}\u00bb][et_pb_column type=\u00bb4_4&#8243; _builder_version=\u00bb4.17.4&#8243; _module_preset=\u00bbdefault\u00bb global_colors_info=\u00bb{}\u00bb][et_pb_ds_breadcrumbs admin_label=\u00bball-pages-breadcrumb\u00bb module_id=\u00bball-pages-breadcrumb\u00bb _builder_version=\u00bb4.17.4&#8243; _module_preset=\u00bbdefault\u00bb global_colors_info=\u00bb{}\u00bb][\/et_pb_ds_breadcrumbs][\/et_pb_column][\/et_pb_row][\/et_pb_section][et_pb_section fb_built=\u00bb1&#8243; _builder_version=\u00bb4.17.4&#8243; _module_preset=\u00bbdefault\u00bb custom_padding=\u00bb0px|||||\u00bb global_colors_info=\u00bb{}\u00bb][et_pb_row _builder_version=\u00bb4.17.4&#8243; _module_preset=\u00bbdefault\u00bb global_colors_info=\u00bb{}\u00bb][et_pb_column type=\u00bb4_4&#8243; _builder_version=\u00bb4.17.4&#8243; _module_preset=\u00bbdefault\u00bb global_colors_info=\u00bb{}\u00bb][et_pb_image src=\u00bbhttp:\/\/cocemfecatalunya.org\/wp-content\/uploads\/2022\/08\/ENFORTIMENT.png\u00bb title_text=\u00bbFORTALECIMIENTO\u00bb align=\u00bbcenter\u00bb _builder_version=\u00bb4.17.4&#8243; _module_preset=\u00bbdefault\u00bb width=\u00bb40%\u00bb width_tablet=\u00bb40%\u00bb width_phone=\u00bb40%\u00bb width_last_edited=\u00bbon|tablet\u00bb hover_enabled=\u00bb0&#8243; global_colors_info=\u00bb{}\u00bb sticky_enabled=\u00bb0&#8243;][\/et_pb_image][et_pb_text _builder_version=\u00bb4.17.4&#8243; _module_preset=\u00bbdefault\u00bb text_font=\u00bbOpen Sans||||||||\u00bb text_font_size=\u00bb16px\u00bb hover_enabled=\u00bb0&#8243; global_colors_info=\u00bb{}\u00bb sticky_enabled=\u00bb0&#8243;]<\/p>\n<p>COCEMFE CATALU\u00d1A viene desarrollando actividades y proyectos para el apoyo de sus entidades y para la defensa y representatividad de las personas con discapacidad f\u00edsica y org\u00e1nica en el territorio, acciones y programas dirigidos no solo a nuestras entidades sino al colectivo en general de la discapacidad y a toda la sociedad catalana.<\/p>\n<p>La situaci\u00f3n generada por la pandemia de la Covid-19, como ya hemos explicado anteriormente, evidenci\u00f3 la necesidad de mejorar la gesti\u00f3n y la capacidad adaptativa del movimiento asociativo en Catalu\u00f1a. En este contexto, COCEMFE CATALU\u00d1A no qued\u00f3 ajena a su entorno, y la mayor parte de las entidades que forman la Confederaci\u00f3n sufrieron, en menor o mayor medida, las consecuencias de la pandemia, tanto respecto a la propia enfermedad, como a la situaci\u00f3n de confinamiento y las consecuencias sociales que se derivaron.<\/p>\n<p> Las entidades de la Confederaci\u00f3n se vieron afectadas por la adopci\u00f3n del teletrabajo y la realizaci\u00f3n de actividades de manera virtual. Esto hizo aflorar la necesidad de fortalecer el buen gobierno, la transparencia institucional y el tejido asociativo de toda la Confederaci\u00f3n, para poder hacer frente a los retos que se nos presentaron con la mayor solvencia posible.<\/p>\n<p>Potenciar y reforzar los aspectos mencionados (buen gobierno, transparencia, movimiento asociativo) inciden en una mayor y m\u00e1s eficiente participaci\u00f3n democr\u00e1tica de todas las entidades y una comunicaci\u00f3n m\u00e1s fluida y eficiente.<\/p>\n<p>Se impulsan procesos de mejora en las actividades y las acciones dirigidas a los usuarios de cada entidad. Por lo tanto, el proyecto de fortalecimiento democr\u00e1tico y de transparencia de las asociaciones tiene como objetivo \u00faltimo la mejora en la prestaci\u00f3n de servicios a las personas con discapacidad y sus familiares mejorando su calidad de vida. Con el apoyo metodol\u00f3gico de la experiencia de COCEMFE estatal se est\u00e1 haciendo un esfuerzo para fortalecer la propia confederaci\u00f3n de COCEMFE CATALU\u00d1A.<\/p>\n<p>[\/et_pb_text][\/et_pb_column][\/et_pb_row][\/et_pb_section]<\/p>\n","protected":false},"excerpt":{"rendered":"<p>FORTALECIMIENTO DEL TEJIDO ASOCIATIVOCOCEMFE CATALU\u00d1A viene desarrollando actividades y proyectos para el apoyo de sus entidades y para la defensa y representatividad de las personas con discapacidad f\u00edsica y org\u00e1nica en el territorio, acciones y programas dirigidos no solo a nuestras entidades sino al colectivo en general de la discapacidad y a toda la sociedad [&hellip;]<\/p>\n","protected":false},"author":1,"featured_media":0,"parent":0,"menu_order":0,"comment_status":"closed","ping_status":"closed","template":"","meta":{"_acf_changed":false,"_et_pb_use_builder":"on","_et_pb_old_content":"","_et_gb_content_width":"","footnotes":""},"class_list":["post-3536","page","type-page","status-publish","hentry"],"acf":[],"_links":{"self":[{"href":"https:\/\/cocemfecatalunya.org\/es\/wp-json\/wp\/v2\/pages\/3536","targetHints":{"allow":["GET"]}}],"collection":[{"href":"https:\/\/cocemfecatalunya.org\/es\/wp-json\/wp\/v2\/pages"}],"about":[{"href":"https:\/\/cocemfecatalunya.org\/es\/wp-json\/wp\/v2\/types\/page"}],"author":[{"embeddable":true,"href":"https:\/\/cocemfecatalunya.org\/es\/wp-json\/wp\/v2\/users\/1"}],"replies":[{"embeddable":true,"href":"https:\/\/cocemfecatalunya.org\/es\/wp-json\/wp\/v2\/comments?post=3536"}],"version-history":[{"count":2,"href":"https:\/\/cocemfecatalunya.org\/es\/wp-json\/wp\/v2\/pages\/3536\/revisions"}],"predecessor-version":[{"id":3538,"href":"https:\/\/cocemfecatalunya.org\/es\/wp-json\/wp\/v2\/pages\/3536\/revisions\/3538"}],"wp:attachment":[{"href":"https:\/\/cocemfecatalunya.org\/es\/wp-json\/wp\/v2\/media?parent=3536"}],"curies":[{"name":"wp","href":"https:\/\/api.w.org\/{rel}","templated":true}]}}

<p>[et_pb_section fb_built=»1&#8243; _builder_version=»4.17.4&#8243; _module_preset=»default» custom_padding=»||0px|||» global_colors_info=»{}»][et_pb_row _builder_version=»4.17.4&#8243; _module_preset=»default» locked=»off» global_colors_info=»{}»][et_pb_column type=»4_4&#8243; _builder_version=»4.17.4&#8243; _module_preset=»default» global_colors_info=»{}»][et_pb_text _builder_version=»4.17.4&#8243; _module_preset=»default» text_font=»Libre Franklin||||||||» header_font=»Libre Franklin||||||||» header_text_color=»#637a9e» header_font_size=»50px» header_letter_spacing=»0.05px» hover_enabled=»0&#8243; custom_css_heading_h1=»font-weight: 700;||text-transform: uppercase;» global_colors_info=»{}» sticky_enabled=»0&#8243;]</p>
<h1><strong>FORTALECIMIENTO DEL TEJIDO ASOCIATIVO</strong></h1>
<p>[/et_pb_text][/et_pb_column][/et_pb_row][et_pb_row _builder_version=»4.17.4&#8243; _module_preset=»default» custom_margin=»0px||0px||true|false» custom_padding=»0px||0px||true|false» global_colors_info=»{}»][et_pb_column type=»4_4&#8243; _builder_version=»4.17.4&#8243; _module_preset=»default» global_colors_info=»{}»][et_pb_ds_breadcrumbs admin_label=»all-pages-breadcrumb» module_id=»all-pages-breadcrumb» _builder_version=»4.17.4&#8243; _module_preset=»default» global_colors_info=»{}»][/et_pb_ds_breadcrumbs][/et_pb_column][/et_pb_row][/et_pb_section][et_pb_section fb_built=»1&#8243; _builder_version=»4.17.4&#8243; _module_preset=»default» custom_padding=»0px|||||» global_colors_info=»{}»][et_pb_row _builder_version=»4.17.4&#8243; _module_preset=»default» global_colors_info=»{}»][et_pb_column type=»4_4&#8243; _builder_version=»4.17.4&#8243; _module_preset=»default» global_colors_info=»{}»][et_pb_image src=»http://cocemfecatalunya.org/wp-content/uploads/2022/08/ENFORTIMENT.png» title_text=»FORTALECIMIENTO» align=»center» _builder_version=»4.17.4&#8243; _module_preset=»default» width=»40%» width_tablet=»40%» width_phone=»40%» width_last_edited=»on|tablet» hover_enabled=»0&#8243; global_colors_info=»{}» sticky_enabled=»0&#8243;][/et_pb_image][et_pb_text _builder_version=»4.17.4&#8243; _module_preset=»default» text_font=»Open Sans||||||||» text_font_size=»16px» hover_enabled=»0&#8243; global_colors_info=»{}» sticky_enabled=»0&#8243;]</p>
<p>COCEMFE CATALUÑA viene desarrollando actividades y proyectos para el apoyo de sus entidades y para la defensa y representatividad de las personas con discapacidad física y orgánica en el territorio, acciones y programas dirigidos no solo a nuestras entidades sino al colectivo en general de la discapacidad y a toda la sociedad catalana.</p>
<p>La situación generada por la pandemia de la Covid-19, como ya hemos explicado anteriormente, evidenció la necesidad de mejorar la gestión y la capacidad adaptativa del movimiento asociativo en Cataluña. En este contexto, COCEMFE CATALUÑA no quedó ajena a su entorno, y la mayor parte de las entidades que forman la Confederación sufrieron, en menor o mayor medida, las consecuencias de la pandemia, tanto respecto a la propia enfermedad, como a la situación de confinamiento y las consecuencias sociales que se derivaron.</p>
<p> Las entidades de la Confederación se vieron afectadas por la adopción del teletrabajo y la realización de actividades de manera virtual. Esto hizo aflorar la necesidad de fortalecer el buen gobierno, la transparencia institucional y el tejido asociativo de toda la Confederación, para poder hacer frente a los retos que se nos presentaron con la mayor solvencia posible.</p>
<p>Potenciar y reforzar los aspectos mencionados (buen gobierno, transparencia, movimiento asociativo) inciden en una mayor y más eficiente participación democrática de todas las entidades y una comunicación más fluida y eficiente.</p>
<p>Se impulsan procesos de mejora en las actividades y las acciones dirigidas a los usuarios de cada entidad. Por lo tanto, el proyecto de fortalecimiento democrático y de transparencia de las asociaciones tiene como objetivo último la mejora en la prestación de servicios a las personas con discapacidad y sus familiares mejorando su calidad de vida. Con el apoyo metodológico de la experiencia de COCEMFE estatal se está haciendo un esfuerzo para fortalecer la propia confederación de COCEMFE CATALUÑA.</p>
<p>[/et_pb_text][/et_pb_column][/et_pb_row][/et_pb_section]</p>

<p>FORTALECIMIENTO DEL TEJIDO ASOCIATIVOCOCEMFE CATALUÑA viene desarrollando actividades y proyectos para el apoyo de sus entidades y para la defensa y representatividad de las personas con discapacidad física y orgánica en el territorio, acciones y programas dirigidos no solo a nuestras entidades sino al colectivo en general de la discapacidad y a toda la sociedad [&hellip;]</p>
