{"id":3362,"date":"2023-05-16T07:21:52","date_gmt":"2023-05-16T07:21:52","guid":{"rendered":"http:\/\/cocemfecatalunya.org\/conocenos\/"},"modified":"2024-06-12T13:38:23","modified_gmt":"2024-06-12T11:38:23","slug":"conocenos","status":"publish","type":"page","link":"https:\/\/cocemfecatalunya.org\/es\/conocenos\/","title":{"rendered":"CON\u00d3CENOS"},"content":{"rendered":"<p>[et_pb_section fb_built=\u00bb1&#8243; _builder_version=\u00bb4.17.4&#8243; _module_preset=\u00bbdefault\u00bb custom_padding=\u00bb||0px||false|false\u00bb collapsed=\u00bbon\u00bb global_colors_info=\u00bb{}\u00bb][et_pb_row make_equal=\u00bbon\u00bb _builder_version=\u00bb4.17.4&#8243; _module_preset=\u00bbdefault\u00bb locked=\u00bboff\u00bb global_colors_info=\u00bb{}\u00bb][et_pb_column type=\u00bb4_4&#8243; _builder_version=\u00bb4.17.4&#8243; _module_preset=\u00bbdefault\u00bb global_colors_info=\u00bb{}\u00bb][et_pb_text _builder_version=\u00bb4.17.4&#8243; _module_preset=\u00bbdefault\u00bb text_font=\u00bbLibre Franklin||||||||\u00bb header_font=\u00bbLibre Franklin||||||||\u00bb header_text_color=\u00bb#637a9e\u00bb header_font_size=\u00bb50px\u00bb header_letter_spacing=\u00bb0.05px\u00bb custom_css_heading_h1=\u00bbfont-weight: 700;\u00bb global_colors_info=\u00bb{}\u00bb]<\/p>\n<h1><span style=\"font-weight: bold;\">Con\u00f3cenos<\/span><\/h1>\n<p>[\/et_pb_text][\/et_pb_column][\/et_pb_row][et_pb_row make_equal=\u00bbon\u00bb _builder_version=\u00bb4.17.4&#8243; _module_preset=\u00bbdefault\u00bb custom_padding=\u00bb||0px||false|false\u00bb global_colors_info=\u00bb{}\u00bb][et_pb_column type=\u00bb4_4&#8243; _builder_version=\u00bb4.17.4&#8243; _module_preset=\u00bbdefault\u00bb global_colors_info=\u00bb{}\u00bb][et_pb_ds_breadcrumbs admin_label=\u00bball-pages-breadcrumb\u00bb module_id=\u00bball-pages-breadcrumb\u00bb _builder_version=\u00bb4.17.4&#8243; _module_preset=\u00bbdefault\u00bb global_colors_info=\u00bb{}\u00bb][\/et_pb_ds_breadcrumbs][\/et_pb_column][\/et_pb_row][\/et_pb_section][et_pb_section fb_built=\u00bb1&#8243; _builder_version=\u00bb4.17.4&#8243; _module_preset=\u00bbdefault\u00bb background_image=\u00bbhttps:\/\/cocemfecatalunya.org\/wp-content\/uploads\/2022\/07\/annie-spratt-sggw4-qDD54-unsplash-scaled.jpg\u00bb height=\u00bb400px\u00bb max_height=\u00bb400px\u00bb custom_padding=\u00bb150px||150px||true|false\u00bb collapsed=\u00bboff\u00bb global_colors_info=\u00bb{}\u00bb][\/et_pb_section][et_pb_section fb_built=\u00bb1&#8243; _builder_version=\u00bb4.17.4&#8243; _module_preset=\u00bbdefault\u00bb global_colors_info=\u00bb{}\u00bb][et_pb_row column_structure=\u00bb1_5,1_5,1_5,1_5,1_5&#8243; make_equal=\u00bbon\u00bb _builder_version=\u00bb4.17.4&#8243; _module_preset=\u00bbdefault\u00bb global_colors_info=\u00bb{}\u00bb][et_pb_column type=\u00bb1_5&#8243; _builder_version=\u00bb4.17.4&#8243; _module_preset=\u00bbdefault\u00bb background_color=\u00bb#d8dee7&#8243; background_last_edited=\u00bboff|desktop\u00bb border_radii=\u00bbon|20px|20px|20px|20px\u00bb global_colors_info=\u00bb{}\u00bb background__hover_enabled=\u00bbon|hover\u00bb background_color__hover=\u00bb#003c69&#8243; background_enable_color__hover=\u00bbon\u00bb][et_pb_blurb title=\u00bbSOBRE COCEMFE CATALU\u00d1A\u00bb use_icon=\u00bbon\u00bb font_icon=\u00bb&#xe108;||divi||400&#8243; icon_color=\u00bb#003c69&#8243; image_icon_width=\u00bb65px\u00bb _builder_version=\u00bb4.17.4&#8243; _dynamic_attributes=\u00bblink_option_url\u00bb _module_preset=\u00bbdefault\u00bb header_font=\u00bb|600||on|||||\u00bb header_text_align=\u00bbcenter\u00bb header_font_size=\u00bb16px\u00bb body_text_align=\u00bbcenter\u00bb body_text_color=\u00bb#0A0000&#8243; body_line_height=\u00bb1.5em\u00bb background_enable_color=\u00bboff\u00bb custom_padding=\u00bb20px|20px|20px|20px|true|true\u00bb link_option_url=\u00bb@ET-DC@eyJkeW5hbWljIjp0cnVlLCJjb250ZW50IjoicG9zdF9saW5rX3VybF9wYWdlIiwic2V0dGluZ3MiOnsicG9zdF9pZCI6IjE3MTciLCJlbmFibGVfaHRtbCI6Im9mZiJ9fQ==@\u00bb border_radii=\u00bbon|10px|10px|10px|10px\u00bb global_colors_info=\u00bb{}\u00bb title__hover_enabled=\u00bboff|hover\u00bb icon_color__hover_enabled=\u00bbon|hover\u00bb icon_color__hover=\u00bb#FFFFFF\u00bb header_text_color__hover_enabled=\u00bbon|hover\u00bb header_text_color__hover=\u00bb#FFFFFF\u00bb body_text_color__hover_enabled=\u00bbon|hover\u00bb body_text_color__hover=\u00bb#FFFFFF\u00bb]<\/p>\n<p><span>\u00bfSabes qui\u00e9n somos, nuestra trayectoria y nuestro prop\u00f3sito? \u00a1Con\u00f3cenos!<\/span><\/p>\n<p>[\/et_pb_blurb][\/et_pb_column][et_pb_column type=\u00bb1_5&#8243; _builder_version=\u00bb4.17.4&#8243; _dynamic_attributes=\u00bblink_option_url\u00bb _module_preset=\u00bbdefault\u00bb background_color=\u00bb#d8dee7&#8243; link_option_url=\u00bb@ET-DC@eyJkeW5hbWljIjp0cnVlLCJjb250ZW50IjoicG9zdF9saW5rX3VybF9wYWdlIiwic2V0dGluZ3MiOnsicG9zdF9pZCI6IjE2NDEiLCJlbmFibGVfaHRtbCI6Im9mZiJ9fQ==@\u00bb border_radii=\u00bbon|20px|20px|20px|20px\u00bb global_colors_info=\u00bb{}\u00bb background__hover_enabled=\u00bbon|hover\u00bb background_color__hover=\u00bb#003c69&#8243; background_enable_color__hover=\u00bbon\u00bb][et_pb_blurb title=\u00bbTRANSPARENCIA Y BUEN GOBIERNO\u00bb use_icon=\u00bbon\u00bb font_icon=\u00bb&#xe101;||divi||400&#8243; icon_color=\u00bb#003c69&#8243; image_icon_width=\u00bb65px\u00bb _builder_version=\u00bb4.17.4&#8243; _module_preset=\u00bbdefault\u00bb header_font=\u00bb|600||on|||||\u00bb header_text_align=\u00bbcenter\u00bb header_font_size=\u00bb16px\u00bb body_text_align=\u00bbcenter\u00bb body_text_color=\u00bb#0A0000&#8243; body_line_height=\u00bb1.5em\u00bb background_enable_color=\u00bboff\u00bb custom_padding=\u00bb20px|20px|20px|20px|true|true\u00bb border_radii=\u00bbon|10px|10px|10px|10px\u00bb global_colors_info=\u00bb{}\u00bb icon_color__hover=\u00bb#FFFFFF\u00bb icon_color__hover_enabled=\u00bbon|hover\u00bb header_text_color__hover=\u00bb#FFFFFF\u00bb header_text_color__hover_enabled=\u00bbon|hover\u00bb body_text_color__hover=\u00bb#FFFFFF\u00bb body_text_color__hover_enabled=\u00bbon|hover\u00bb]<\/p>\n<p><span>Informaci\u00f3n b\u00e1sica de la entidad, informaci\u00f3n econ\u00f3mica y fuentes de financiaci\u00f3n.<\/span><\/p>\n<p>[\/et_pb_blurb][\/et_pb_column][et_pb_column type=\u00bb1_5&#8243; _builder_version=\u00bb4.17.4&#8243; _module_preset=\u00bbdefault\u00bb background_color=\u00bb#d8dee7&#8243; border_radii=\u00bbon|20px|20px|20px|20px\u00bb global_colors_info=\u00bb{}\u00bb background__hover_enabled=\u00bbon|hover\u00bb background_color__hover=\u00bb#003c69&#8243; background_enable_color__hover=\u00bbon\u00bb][et_pb_blurb title=\u00bbMODELO DE GESTI\u00d3N\u00bb use_icon=\u00bbon\u00bb font_icon=\u00bb&#xe038;||divi||400&#8243; icon_color=\u00bb#003c69&#8243; image_icon_width=\u00bb65px\u00bb _builder_version=\u00bb4.17.4&#8243; _dynamic_attributes=\u00bblink_option_url\u00bb _module_preset=\u00bbdefault\u00bb header_font=\u00bb|600||on|||||\u00bb header_text_align=\u00bbcenter\u00bb header_font_size=\u00bb16px\u00bb body_text_align=\u00bbcenter\u00bb body_text_color=\u00bb#0A0000&#8243; body_line_height=\u00bb1.5em\u00bb background_enable_color=\u00bboff\u00bb custom_padding=\u00bb20px|20px|20px|20px|true|true\u00bb link_option_url=\u00bb@ET-DC@eyJkeW5hbWljIjp0cnVlLCJjb250ZW50IjoicG9zdF9saW5rX3VybF9wYWdlIiwic2V0dGluZ3MiOnsicG9zdF9pZCI6IjE3MzkiLCJlbmFibGVfaHRtbCI6Im9mZiJ9fQ==@\u00bb border_radii=\u00bbon|10px|10px|10px|10px\u00bb global_colors_info=\u00bb{}\u00bb icon_color__hover=\u00bb#FFFFFF\u00bb icon_color__hover_enabled=\u00bbon|hover\u00bb header_text_color__hover=\u00bb#FFFFFF\u00bb header_text_color__hover_enabled=\u00bbon|hover\u00bb body_text_color__hover=\u00bb#FFFFFF\u00bb body_text_color__hover_enabled=\u00bbon|hover\u00bb]<\/p>\n<p><span>Consulta la estrategia y el marco de referencia para la gesti\u00f3n de nuestra entidad.<\/span><\/p>\n<p>[\/et_pb_blurb][\/et_pb_column][et_pb_column type=\u00bb1_5&#8243; _builder_version=\u00bb4.17.4&#8243; _module_preset=\u00bbdefault\u00bb background_color=\u00bb#d8dee7&#8243; border_radii=\u00bbon|20px|20px|20px|20px\u00bb global_colors_info=\u00bb{}\u00bb background__hover_enabled=\u00bbon|hover\u00bb background_color__hover=\u00bb#003c69&#8243; background_enable_color__hover=\u00bbon\u00bb][et_pb_blurb title=\u00bbTrabajo en red\u00bb use_icon=\u00bbon\u00bb font_icon=\u00bb&#xf0c1;||fa||900&#8243; icon_color=\u00bb#003c69&#8243; image_icon_width=\u00bb65px\u00bb _builder_version=\u00bb4.17.4&#8243; _dynamic_attributes=\u00bblink_option_url\u00bb _module_preset=\u00bbdefault\u00bb header_font=\u00bb|600||on|||||\u00bb header_text_align=\u00bbcenter\u00bb header_font_size=\u00bb16px\u00bb body_text_align=\u00bbcenter\u00bb body_text_color=\u00bb#0A0000&#8243; body_line_height=\u00bb1.5em\u00bb background_enable_color=\u00bboff\u00bb custom_padding=\u00bb20px|20px|20px|20px|true|true\u00bb link_option_url=\u00bb@ET-DC@eyJkeW5hbWljIjp0cnVlLCJjb250ZW50IjoicG9zdF9saW5rX3VybF9wYWdlIiwic2V0dGluZ3MiOnsicG9zdF9pZCI6IjE4MzQiLCJlbmFibGVfaHRtbCI6Im9mZiJ9fQ==@\u00bb border_radii=\u00bbon|10px|10px|10px|10px\u00bb global_colors_info=\u00bb{}\u00bb icon_color__hover=\u00bb#FFFFFF\u00bb icon_color__hover_enabled=\u00bbon|hover\u00bb header_text_color__hover=\u00bb#FFFFFF\u00bb header_text_color__hover_enabled=\u00bbon|hover\u00bb body_text_color__hover=\u00bb#FFFFFF\u00bb body_text_color__hover_enabled=\u00bbon|hover\u00bb]<\/p>\n<p><span>Participamos y colaboramos activamente con otras entidades del Tercer Sector, administraciones y organismos p\u00fablicos.<\/span><\/p>\n<p>[\/et_pb_blurb][\/et_pb_column][et_pb_column type=\u00bb1_5&#8243; _builder_version=\u00bb4.17.4&#8243; _module_preset=\u00bbdefault\u00bb background_color=\u00bb#d8dee7&#8243; border_radii=\u00bbon|20px|20px|20px|20px\u00bb global_colors_info=\u00bb{}\u00bb background__hover_enabled=\u00bbon|hover\u00bb background_color__hover=\u00bb#003c69&#8243; background_enable_color__hover=\u00bbon\u00bb][et_pb_blurb title=\u00bbContacto\u00bb use_icon=\u00bbon\u00bb font_icon=\u00bb&#xe026;||divi||400&#8243; icon_color=\u00bb#003c69&#8243; image_icon_width=\u00bb65px\u00bb _builder_version=\u00bb4.17.4&#8243; _dynamic_attributes=\u00bblink_option_url\u00bb _module_preset=\u00bbdefault\u00bb header_font=\u00bb|600||on|||||\u00bb header_text_align=\u00bbcenter\u00bb header_font_size=\u00bb16px\u00bb body_text_align=\u00bbcenter\u00bb body_text_color=\u00bb#0A0000&#8243; body_line_height=\u00bb1.5em\u00bb background_enable_color=\u00bboff\u00bb custom_padding=\u00bb20px|20px|20px|20px|true|true\u00bb link_option_url=\u00bb@ET-DC@eyJkeW5hbWljIjp0cnVlLCJjb250ZW50IjoicG9zdF9saW5rX3VybF9wYWdlIiwic2V0dGluZ3MiOnsicG9zdF9pZCI6IjI2OSIsImVuYWJsZV9odG1sIjoib2ZmIn19@\u00bb border_radii=\u00bbon|10px|10px|10px|10px\u00bb global_colors_info=\u00bb{}\u00bb icon_color__hover=\u00bb#FFFFFF\u00bb icon_color__hover_enabled=\u00bbon|hover\u00bb header_text_color__hover=\u00bb#FFFFFF\u00bb header_text_color__hover_enabled=\u00bbon|hover\u00bb body_text_color__hover=\u00bb#FFFFFF\u00bb body_text_color__hover_enabled=\u00bbon|hover\u00bb]<\/p>\n<p><span>Conoce los diferentes canales disponibles para contactar con COCEMFE CATALU\u00d1A.<\/span><\/p>\n<p>[\/et_pb_blurb][\/et_pb_column][\/et_pb_row][\/et_pb_section]<\/p>\n","protected":false},"excerpt":{"rendered":"<p>Con\u00f3cenos\u00bfSabes qui\u00e9n somos, nuestra trayectoria y nuestro prop\u00f3sito? \u00a1Con\u00f3cenos!Informaci\u00f3n b\u00e1sica de la entidad, informaci\u00f3n econ\u00f3mica y fuentes de financiaci\u00f3n.Consulta la estrategia y el marco de referencia para la gesti\u00f3n de nuestra entidad.Participamos y colaboramos activamente con otras entidades del Tercer Sector, administraciones y organismos p\u00fablicos.Conoce los diferentes canales disponibles para contactar con COCEMFE CATALU\u00d1A.<\/p>\n","protected":false},"author":1,"featured_media":0,"parent":0,"menu_order":0,"comment_status":"closed","ping_status":"closed","template":"","meta":{"_acf_changed":false,"_et_pb_use_builder":"on","_et_pb_old_content":"","_et_gb_content_width":"","footnotes":""},"class_list":["post-3362","page","type-page","status-publish","hentry"],"acf":[],"_links":{"self":[{"href":"https:\/\/cocemfecatalunya.org\/es\/wp-json\/wp\/v2\/pages\/3362","targetHints":{"allow":["GET"]}}],"collection":[{"href":"https:\/\/cocemfecatalunya.org\/es\/wp-json\/wp\/v2\/pages"}],"about":[{"href":"https:\/\/cocemfecatalunya.org\/es\/wp-json\/wp\/v2\/types\/page"}],"author":[{"embeddable":true,"href":"https:\/\/cocemfecatalunya.org\/es\/wp-json\/wp\/v2\/users\/1"}],"replies":[{"embeddable":true,"href":"https:\/\/cocemfecatalunya.org\/es\/wp-json\/wp\/v2\/comments?post=3362"}],"version-history":[{"count":13,"href":"https:\/\/cocemfecatalunya.org\/es\/wp-json\/wp\/v2\/pages\/3362\/revisions"}],"predecessor-version":[{"id":5368,"href":"https:\/\/cocemfecatalunya.org\/es\/wp-json\/wp\/v2\/pages\/3362\/revisions\/5368"}],"wp:attachment":[{"href":"https:\/\/cocemfecatalunya.org\/es\/wp-json\/wp\/v2\/media?parent=3362"}],"curies":[{"name":"wp","href":"https:\/\/api.w.org\/{rel}","templated":true}]}}

CONÓCENOS

<p>[et_pb_section fb_built=»1&#8243; _builder_version=»4.17.4&#8243; _module_preset=»default» custom_padding=»||0px||false|false» collapsed=»on» global_colors_info=»{}»][et_pb_row make_equal=»on» _builder_version=»4.17.4&#8243; _module_preset=»default» locked=»off» global_colors_info=»{}»][et_pb_column type=»4_4&#8243; _builder_version=»4.17.4&#8243; _module_preset=»default» global_colors_info=»{}»][et_pb_text _builder_version=»4.17.4&#8243; _module_preset=»default» text_font=»Libre Franklin||||||||» header_font=»Libre Franklin||||||||» header_text_color=»#637a9e» header_font_size=»50px» header_letter_spacing=»0.05px» custom_css_heading_h1=»font-weight: 700;» global_colors_info=»{}»]</p>
<h1><span style="font-weight: bold;">Conócenos</span></h1>
<p>[/et_pb_text][/et_pb_column][/et_pb_row][et_pb_row make_equal=»on» _builder_version=»4.17.4&#8243; _module_preset=»default» custom_padding=»||0px||false|false» global_colors_info=»{}»][et_pb_column type=»4_4&#8243; _builder_version=»4.17.4&#8243; _module_preset=»default» global_colors_info=»{}»][et_pb_ds_breadcrumbs admin_label=»all-pages-breadcrumb» module_id=»all-pages-breadcrumb» _builder_version=»4.17.4&#8243; _module_preset=»default» global_colors_info=»{}»][/et_pb_ds_breadcrumbs][/et_pb_column][/et_pb_row][/et_pb_section][et_pb_section fb_built=»1&#8243; _builder_version=»4.17.4&#8243; _module_preset=»default» background_image=»https://cocemfecatalunya.org/wp-content/uploads/2022/07/annie-spratt-sggw4-qDD54-unsplash-scaled.jpg» height=»400px» max_height=»400px» custom_padding=»150px||150px||true|false» collapsed=»off» global_colors_info=»{}»][/et_pb_section][et_pb_section fb_built=»1&#8243; _builder_version=»4.17.4&#8243; _module_preset=»default» global_colors_info=»{}»][et_pb_row column_structure=»1_5,1_5,1_5,1_5,1_5&#8243; make_equal=»on» _builder_version=»4.17.4&#8243; _module_preset=»default» global_colors_info=»{}»][et_pb_column type=»1_5&#8243; _builder_version=»4.17.4&#8243; _module_preset=»default» background_color=»#d8dee7&#8243; background_last_edited=»off|desktop» border_radii=»on|20px|20px|20px|20px» global_colors_info=»{}» background__hover_enabled=»on|hover» background_color__hover=»#003c69&#8243; background_enable_color__hover=»on»][et_pb_blurb title=»SOBRE COCEMFE CATALUÑA» use_icon=»on» font_icon=»&#xe108;||divi||400&#8243; icon_color=»#003c69&#8243; image_icon_width=»65px» _builder_version=»4.17.4&#8243; _dynamic_attributes=»link_option_url» _module_preset=»default» header_font=»|600||on|||||» header_text_align=»center» header_font_size=»16px» body_text_align=»center» body_text_color=»#0A0000&#8243; body_line_height=»1.5em» background_enable_color=»off» custom_padding=»20px|20px|20px|20px|true|true» link_option_url=»@ET-DC@eyJkeW5hbWljIjp0cnVlLCJjb250ZW50IjoicG9zdF9saW5rX3VybF9wYWdlIiwic2V0dGluZ3MiOnsicG9zdF9pZCI6IjE3MTciLCJlbmFibGVfaHRtbCI6Im9mZiJ9fQ==@» border_radii=»on|10px|10px|10px|10px» global_colors_info=»{}» title__hover_enabled=»off|hover» icon_color__hover_enabled=»on|hover» icon_color__hover=»#FFFFFF» header_text_color__hover_enabled=»on|hover» header_text_color__hover=»#FFFFFF» body_text_color__hover_enabled=»on|hover» body_text_color__hover=»#FFFFFF»]</p>
<p><span>¿Sabes quién somos, nuestra trayectoria y nuestro propósito? ¡Conócenos!</span></p>
<p>[/et_pb_blurb][/et_pb_column][et_pb_column type=»1_5&#8243; _builder_version=»4.17.4&#8243; _dynamic_attributes=»link_option_url» _module_preset=»default» background_color=»#d8dee7&#8243; link_option_url=»@ET-DC@eyJkeW5hbWljIjp0cnVlLCJjb250ZW50IjoicG9zdF9saW5rX3VybF9wYWdlIiwic2V0dGluZ3MiOnsicG9zdF9pZCI6IjE2NDEiLCJlbmFibGVfaHRtbCI6Im9mZiJ9fQ==@» border_radii=»on|20px|20px|20px|20px» global_colors_info=»{}» background__hover_enabled=»on|hover» background_color__hover=»#003c69&#8243; background_enable_color__hover=»on»][et_pb_blurb title=»TRANSPARENCIA Y BUEN GOBIERNO» use_icon=»on» font_icon=»&#xe101;||divi||400&#8243; icon_color=»#003c69&#8243; image_icon_width=»65px» _builder_version=»4.17.4&#8243; _module_preset=»default» header_font=»|600||on|||||» header_text_align=»center» header_font_size=»16px» body_text_align=»center» body_text_color=»#0A0000&#8243; body_line_height=»1.5em» background_enable_color=»off» custom_padding=»20px|20px|20px|20px|true|true» border_radii=»on|10px|10px|10px|10px» global_colors_info=»{}» icon_color__hover=»#FFFFFF» icon_color__hover_enabled=»on|hover» header_text_color__hover=»#FFFFFF» header_text_color__hover_enabled=»on|hover» body_text_color__hover=»#FFFFFF» body_text_color__hover_enabled=»on|hover»]</p>
<p><span>Información básica de la entidad, información económica y fuentes de financiación.</span></p>
<p>[/et_pb_blurb][/et_pb_column][et_pb_column type=»1_5&#8243; _builder_version=»4.17.4&#8243; _module_preset=»default» background_color=»#d8dee7&#8243; border_radii=»on|20px|20px|20px|20px» global_colors_info=»{}» background__hover_enabled=»on|hover» background_color__hover=»#003c69&#8243; background_enable_color__hover=»on»][et_pb_blurb title=»MODELO DE GESTIÓN» use_icon=»on» font_icon=»&#xe038;||divi||400&#8243; icon_color=»#003c69&#8243; image_icon_width=»65px» _builder_version=»4.17.4&#8243; _dynamic_attributes=»link_option_url» _module_preset=»default» header_font=»|600||on|||||» header_text_align=»center» header_font_size=»16px» body_text_align=»center» body_text_color=»#0A0000&#8243; body_line_height=»1.5em» background_enable_color=»off» custom_padding=»20px|20px|20px|20px|true|true» link_option_url=»@ET-DC@eyJkeW5hbWljIjp0cnVlLCJjb250ZW50IjoicG9zdF9saW5rX3VybF9wYWdlIiwic2V0dGluZ3MiOnsicG9zdF9pZCI6IjE3MzkiLCJlbmFibGVfaHRtbCI6Im9mZiJ9fQ==@» border_radii=»on|10px|10px|10px|10px» global_colors_info=»{}» icon_color__hover=»#FFFFFF» icon_color__hover_enabled=»on|hover» header_text_color__hover=»#FFFFFF» header_text_color__hover_enabled=»on|hover» body_text_color__hover=»#FFFFFF» body_text_color__hover_enabled=»on|hover»]</p>
<p><span>Consulta la estrategia y el marco de referencia para la gestión de nuestra entidad.</span></p>
<p>[/et_pb_blurb][/et_pb_column][et_pb_column type=»1_5&#8243; _builder_version=»4.17.4&#8243; _module_preset=»default» background_color=»#d8dee7&#8243; border_radii=»on|20px|20px|20px|20px» global_colors_info=»{}» background__hover_enabled=»on|hover» background_color__hover=»#003c69&#8243; background_enable_color__hover=»on»][et_pb_blurb title=»Trabajo en red» use_icon=»on» font_icon=»&#xf0c1;||fa||900&#8243; icon_color=»#003c69&#8243; image_icon_width=»65px» _builder_version=»4.17.4&#8243; _dynamic_attributes=»link_option_url» _module_preset=»default» header_font=»|600||on|||||» header_text_align=»center» header_font_size=»16px» body_text_align=»center» body_text_color=»#0A0000&#8243; body_line_height=»1.5em» background_enable_color=»off» custom_padding=»20px|20px|20px|20px|true|true» link_option_url=»@ET-DC@eyJkeW5hbWljIjp0cnVlLCJjb250ZW50IjoicG9zdF9saW5rX3VybF9wYWdlIiwic2V0dGluZ3MiOnsicG9zdF9pZCI6IjE4MzQiLCJlbmFibGVfaHRtbCI6Im9mZiJ9fQ==@» border_radii=»on|10px|10px|10px|10px» global_colors_info=»{}» icon_color__hover=»#FFFFFF» icon_color__hover_enabled=»on|hover» header_text_color__hover=»#FFFFFF» header_text_color__hover_enabled=»on|hover» body_text_color__hover=»#FFFFFF» body_text_color__hover_enabled=»on|hover»]</p>
<p><span>Participamos y colaboramos activamente con otras entidades del Tercer Sector, administraciones y organismos públicos.</span></p>
<p>[/et_pb_blurb][/et_pb_column][et_pb_column type=»1_5&#8243; _builder_version=»4.17.4&#8243; _module_preset=»default» background_color=»#d8dee7&#8243; border_radii=»on|20px|20px|20px|20px» global_colors_info=»{}» background__hover_enabled=»on|hover» background_color__hover=»#003c69&#8243; background_enable_color__hover=»on»][et_pb_blurb title=»Contacto» use_icon=»on» font_icon=»&#xe026;||divi||400&#8243; icon_color=»#003c69&#8243; image_icon_width=»65px» _builder_version=»4.17.4&#8243; _dynamic_attributes=»link_option_url» _module_preset=»default» header_font=»|600||on|||||» header_text_align=»center» header_font_size=»16px» body_text_align=»center» body_text_color=»#0A0000&#8243; body_line_height=»1.5em» background_enable_color=»off» custom_padding=»20px|20px|20px|20px|true|true» link_option_url=»@ET-DC@eyJkeW5hbWljIjp0cnVlLCJjb250ZW50IjoicG9zdF9saW5rX3VybF9wYWdlIiwic2V0dGluZ3MiOnsicG9zdF9pZCI6IjI2OSIsImVuYWJsZV9odG1sIjoib2ZmIn19@» border_radii=»on|10px|10px|10px|10px» global_colors_info=»{}» icon_color__hover=»#FFFFFF» icon_color__hover_enabled=»on|hover» header_text_color__hover=»#FFFFFF» header_text_color__hover_enabled=»on|hover» body_text_color__hover=»#FFFFFF» body_text_color__hover_enabled=»on|hover»]</p>
<p><span>Conoce los diferentes canales disponibles para contactar con COCEMFE CATALUÑA.</span></p>
<p>[/et_pb_blurb][/et_pb_column][/et_pb_row][/et_pb_section]</p>

<p>Conócenos¿Sabes quién somos, nuestra trayectoria y nuestro propósito? ¡Conócenos!Información básica de la entidad, información económica y fuentes de financiación.Consulta la estrategia y el marco de referencia para la gestión de nuestra entidad.Participamos y colaboramos activamente con otras entidades del Tercer Sector, administraciones y organismos públicos.Conoce los diferentes canales disponibles para contactar con COCEMFE CATALUÑA.</p>
